{"id":1264,"date":"2020-01-25T10:32:00","date_gmt":"2020-01-25T09:32:00","guid":{"rendered":"https:\/\/presverts.ovh\/?page_id=1264"},"modified":"2025-12-29T13:08:42","modified_gmt":"2025-12-29T12:08:42","slug":"parascolaire","status":"publish","type":"page","link":"https:\/\/presverts.ovh\/?page_id=1264","title":{"rendered":"Parascolaire"},"content":{"rendered":"<table style=\"width: 100%; height: 25px;\" border=\"1\" width=\"100%\" cellspacing=\"1\" cellpadding=\"1\">\n<tbody>\n<tr style=\"height: 25px;\">\n<td style=\"width: 100%; height: 25px;\">\n<div style=\"text-align: center;\" align=\"center\"><span style=\"color: #339966; font-family: georgia,palatino,serif; font-size: 14pt;\"><strong>Le parascolaire aux Pr\u00e9s Verts<\/strong><\/span><\/div>\n<\/td>\n<\/tr>\n<\/tbody>\n<\/table>\n<div align=\"justify\"><span style=\"font-family: georgia,palatino,serif;\">L\u2019\u00e9cole des Pr\u00e9s Verts organise pour le plus grand plaisir des enfants des activit\u00e9s hors temps scolaire.<\/span><\/div>\n<div align=\"justify\"><\/div>\n<div align=\"justify\"><span style=\"font-family: georgia,palatino,serif;\">Elles seront propos\u00e9es, du lundi au vendredi, sur le temps de midi.<\/span><\/div>\n<div align=\"justify\"><\/div>\n<div align=\"justify\"><span style=\"font-family: georgia,palatino,serif;\">Vous comprendrez, chers parents, qu\u2019un nombre minimum d\u2019enfant devra \u00eatre inscrit afin de garantir l\u2019ouverture de chaque atelier. En cas d\u2019inscription insuffisante, un courrier stipulant l\u2019annulation de l\u2019atelier concern\u00e9 vous sera adress\u00e9.<\/span><\/div>\n<div align=\"justify\"><\/div>\n<div align=\"justify\"><span style=\"font-family: georgia,palatino,serif;\">Les inscriptions auront lieu par p\u00e9riode.<\/span><\/div>\n<div align=\"justify\"><\/div>\n<div align=\"justify\"><span style=\"font-family: georgia,palatino,serif;\">Une feuille d\u2019inscription vous sera remise avec une date limite de d\u00e9p\u00f4t \u00e0 respecter imp\u00e9rativement, question d\u2019organisation. Une confirmation de l\u2019inscription de votre enfant \u00e0 un atelier vous sera remise. Le montant de l&#8217;atelier vous sera comptabilis\u00e9 sur la facture de votre enfant.<\/span><\/div>\n<div align=\"justify\"><\/div>\n<div align=\"justify\"><span style=\"font-family: georgia,palatino,serif;\">En cas de non-paiement, la place sera lib\u00e9r\u00e9e pour un autre enfant.<\/span><\/div>\n<p>&nbsp;<\/p>\n<div align=\"justify\"><\/div>\n<table style=\"width: 100%; height: 25px;\" border=\"1\" width=\"100%\" cellspacing=\"1\" cellpadding=\"1\">\n<tbody>\n<tr style=\"height: 25px;\">\n<td style=\"width: 100%; height: 25px;\">\n<div style=\"text-align: center;\" align=\"center\"><span style=\"color: #339966; font-family: georgia,palatino,serif; font-size: 14pt;\"><strong>2025-2026<\/strong><\/span><\/div>\n<\/td>\n<\/tr>\n<\/tbody>\n<\/table>\n<table style=\"width: 100%; border-collapse: collapse;\">\n<tbody>\n<tr>\n<td style=\"width: 33.33%;\"><img loading=\"lazy\" class=\"alignnone size-medium wp-image-28091 thumb-of-pdf\" src=\"https:\/\/presverts.ovh\/wp-content\/uploads\/2025\/11\/Annee-2025-2026-1ere-periode-pdf-212x300.jpg\" alt=\"thumbnail of Ann\u00e9e 2025-2026 1\u00e8re p\u00e9riode\" width=\"212\" height=\"300\" srcset=\"https:\/\/presverts.ovh\/wp-content\/uploads\/2025\/11\/Annee-2025-2026-1ere-periode-pdf-212x300.jpg 212w, https:\/\/presverts.ovh\/wp-content\/uploads\/2025\/11\/Annee-2025-2026-1ere-periode-pdf.jpg 724w\" sizes=\"(max-width: 212px) 100vw, 212px\" \/><\/td>\n<td style=\"width: 33.33%;\"><img loading=\"lazy\" class=\"alignnone size-medium wp-image-28786 thumb-of-pdf\" src=\"https:\/\/presverts.ovh\/wp-content\/uploads\/2025\/12\/Annee-2025-2026-2eme-periode-pdf-212x300.jpg\" alt=\"thumbnail of Ann\u00e9e 2025-2026 2\u00e8me p\u00e9riode\" width=\"212\" height=\"300\" srcset=\"https:\/\/presverts.ovh\/wp-content\/uploads\/2025\/12\/Annee-2025-2026-2eme-periode-pdf-212x300.jpg 212w, https:\/\/presverts.ovh\/wp-content\/uploads\/2025\/12\/Annee-2025-2026-2eme-periode-pdf.jpg 724w\" sizes=\"(max-width: 212px) 100vw, 212px\" \/><\/td>\n<td style=\"width: 33.33%;\"><\/td>\n<\/tr>\n<tr>\n<td style=\"width: 33.33%; text-align: center;\"><a href=\"https:\/\/presverts.ovh\/wp-content\/uploads\/2025\/11\/Annee-2025-2026-1ere-periode.pdf\">1\u00e8re p\u00e9riode<\/a><\/td>\n<td style=\"width: 33.33%; text-align: center;\"><a href=\"https:\/\/presverts.ovh\/wp-content\/uploads\/2025\/12\/Annee-2025-2026-2eme-periode.pdf\">2\u00e8me p\u00e9riode<\/a><\/td>\n<td style=\"width: 33.33%;\"><\/td>\n<\/tr>\n<\/tbody>\n<\/table>\n","protected":false},"excerpt":{"rendered":"<p>Le parascolaire aux Pr\u00e9s Verts L\u2019\u00e9cole des Pr\u00e9s Verts organise pour le plus grand plaisir des enfants des activit\u00e9s hors temps scolaire. Elles seront propos\u00e9es, du lundi au vendredi, sur le temps de midi. Vous comprendrez, chers parents, qu\u2019un nombre minimum d\u2019enfant devra \u00eatre inscrit afin de garantir l\u2019ouverture de chaque atelier. En cas d\u2019inscription &hellip; <\/p>\n<p class=\"link-more\"><a href=\"https:\/\/presverts.ovh\/?page_id=1264\" class=\"more-link\">Continuer la lecture<span class=\"screen-reader-text\"> de &laquo;&nbsp;Parascolaire&nbsp;&raquo;<\/span><\/a><\/p>\n","protected":false},"author":3,"featured_media":0,"parent":0,"menu_order":0,"comment_status":"closed","ping_status":"closed","template":"","meta":[],"_links":{"self":[{"href":"https:\/\/presverts.ovh\/index.php?rest_route=\/wp\/v2\/pages\/1264"}],"collection":[{"href":"https:\/\/presverts.ovh\/index.php?rest_route=\/wp\/v2\/pages"}],"about":[{"href":"https:\/\/presverts.ovh\/index.php?rest_route=\/wp\/v2\/types\/page"}],"author":[{"embeddable":true,"href":"https:\/\/presverts.ovh\/index.php?rest_route=\/wp\/v2\/users\/3"}],"replies":[{"embeddable":true,"href":"https:\/\/presverts.ovh\/index.php?rest_route=%2Fwp%2Fv2%2Fcomments&post=1264"}],"version-history":[{"count":18,"href":"https:\/\/presverts.ovh\/index.php?rest_route=\/wp\/v2\/pages\/1264\/revisions"}],"predecessor-version":[{"id":28787,"href":"https:\/\/presverts.ovh\/index.php?rest_route=\/wp\/v2\/pages\/1264\/revisions\/28787"}],"wp:attachment":[{"href":"https:\/\/presverts.ovh\/index.php?rest_route=%2Fwp%2Fv2%2Fmedia&parent=1264"}],"curies":[{"name":"wp","href":"https:\/\/api.w.org\/{rel}","templated":true}]}}