{"id":13205,"date":"2022-10-11T18:21:03","date_gmt":"2022-10-11T16:21:03","guid":{"rendered":"https:\/\/presverts.ovh\/?page_id=13205"},"modified":"2024-11-30T14:36:38","modified_gmt":"2024-11-30T13:36:38","slug":"13205-2","status":"publish","type":"page","link":"https:\/\/presverts.ovh\/?page_id=13205","title":{"rendered":""},"content":{"rendered":"<p>&nbsp;<\/p>\n<table border=\"1\" width=\"100%\" cellspacing=\"1\" cellpadding=\"1\">\n<tbody>\n<tr>\n<td>\n<div align=\"center\"><span style=\"color: #339966; font-family: georgia,palatino,serif; font-size: 14pt;\"><strong>La natation<\/strong><\/span><\/div>\n<\/td>\n<\/tr>\n<\/tbody>\n<\/table>\n<p>Le cours de natation permet aux enfants d\u2019apprendre toutes les notions indispensables \u00e0 sa propre s\u00e9curit\u00e9 en milieu aquatique. Il est en effet vital qu\u2019un enfant sache nager afin de pouvoir se sortir de toute situation qui pourrait arriver accidentellement dans sa vie.<\/p>\n<p>En 1<sup>\u00e8re<\/sup> et 2<sup>\u00e8me <\/sup>, les enfants apprennent les fondamentaux de l\u2019accoutumance. Ils \u00e9voluent en petite profondeur et y acqui\u00e8rent le plaisir de l\u2019eau, et \u00e0 \u00eatre \u00e0 l\u2019aise pour mettre sa t\u00eate sous l\u2019eau, \u00e0 flotter sur le ventre et sur le dos, \u00e0 aller dans le fond de l\u2019eau, \u2026<\/p>\n<p>A partir de la 3<sup>\u00e8me<\/sup>, en respectant le rythme de chacun, les enfants \u00e9voluent vers un apprentissage plus technique qui leur permet de savoir nager. Ils apprennent les diff\u00e9rentes techniques de nage, et ont la possibilit\u00e9 de passer des brevets en fin de cycle qui attestent officiellement de leurs capacit\u00e9s en milieu aquatique.<\/p>\n","protected":false},"excerpt":{"rendered":"<p>&nbsp; La natation Le cours de natation permet aux enfants d\u2019apprendre toutes les notions indispensables \u00e0 sa propre s\u00e9curit\u00e9 en milieu aquatique. Il est en effet vital qu\u2019un enfant sache nager afin de pouvoir se sortir de toute situation qui pourrait arriver accidentellement dans sa vie. En 1\u00e8re et 2\u00e8me , les enfants apprennent les &hellip; <\/p>\n<p class=\"link-more\"><a href=\"https:\/\/presverts.ovh\/?page_id=13205\" class=\"more-link\">Continuer la lecture<span class=\"screen-reader-text\"> de &laquo;&nbsp;&nbsp;&raquo;<\/span><\/a><\/p>\n","protected":false},"author":3,"featured_media":0,"parent":0,"menu_order":0,"comment_status":"closed","ping_status":"closed","template":"","meta":[],"_links":{"self":[{"href":"https:\/\/presverts.ovh\/index.php?rest_route=\/wp\/v2\/pages\/13205"}],"collection":[{"href":"https:\/\/presverts.ovh\/index.php?rest_route=\/wp\/v2\/pages"}],"about":[{"href":"https:\/\/presverts.ovh\/index.php?rest_route=\/wp\/v2\/types\/page"}],"author":[{"embeddable":true,"href":"https:\/\/presverts.ovh\/index.php?rest_route=\/wp\/v2\/users\/3"}],"replies":[{"embeddable":true,"href":"https:\/\/presverts.ovh\/index.php?rest_route=%2Fwp%2Fv2%2Fcomments&post=13205"}],"version-history":[{"count":1,"href":"https:\/\/presverts.ovh\/index.php?rest_route=\/wp\/v2\/pages\/13205\/revisions"}],"predecessor-version":[{"id":13206,"href":"https:\/\/presverts.ovh\/index.php?rest_route=\/wp\/v2\/pages\/13205\/revisions\/13206"}],"wp:attachment":[{"href":"https:\/\/presverts.ovh\/index.php?rest_route=%2Fwp%2Fv2%2Fmedia&parent=13205"}],"curies":[{"name":"wp","href":"https:\/\/api.w.org\/{rel}","templated":true}]}}