{"id":1342,"date":"2020-01-25T10:59:28","date_gmt":"2020-01-25T09:59:28","guid":{"rendered":"https:\/\/presverts.ovh\/?page_id=1342"},"modified":"2020-01-25T11:01:06","modified_gmt":"2020-01-25T10:01:06","slug":"horaire","status":"publish","type":"page","link":"https:\/\/presverts.ovh\/?page_id=1342","title":{"rendered":"Horaire"},"content":{"rendered":"<table style=\"width: 100%; height: 25px;\" border=\"1\" width=\"100%\" cellspacing=\"1\" cellpadding=\"1\">\n<tbody>\n<tr style=\"height: 25px;\">\n<td style=\"width: 100%; height: 25px;\">\n<div style=\"text-align: center;\" align=\"center\"><span style=\"color: #339966; font-family: georgia,palatino,serif; font-size: 14pt;\"><strong>Organisation de l\u2019\u00e9cole<\/strong><\/span><\/div>\n<\/td>\n<\/tr>\n<\/tbody>\n<\/table>\n<p><span style=\"color: #000000; font-family: georgia,palatino,serif;\">Ouverture de l\u2019\u00e9cole : de 07h30 \u00e0 18h00 \u2013 Garderie de 7h30 \u00e0 8h00<\/span><br \/>\n<span style=\"color: #000000; font-family: georgia,palatino,serif;\">D\u00e9but des cours : 08h30, il sonne \u00e0 8h25<\/span><br \/>\n<span style=\"color: #000000; font-family: georgia,palatino,serif;\">Fin des cours \u00e0 12h15 le mercredi \u2013 Ouverture des grilles pour la sortie des \u00e9l\u00e8ves : 12h20<\/span><br \/>\n<span style=\"color: #000000; font-family: georgia,palatino,serif;\">Fin des cours \u00e0 15h25 le lundi, mardi et jeudi &#8211; Ouverture des grilles pour la sortie des \u00e9l\u00e8ves : 15h30<\/span><br \/>\n<span style=\"color: #000000; font-family: georgia,palatino,serif;\">Fin des cours le vendredi \u00e0 14h20 \u2013 Ouverture des grilles pour la sortie des \u00e9l\u00e8ves : 14h25<\/span><br \/>\n<span style=\"color: #000000; font-family: georgia,palatino,serif;\">\u00c9tude \u2013 classes primaires : de 15h40 \u00e0 16h40<\/span><br \/>\n<span style=\"color: #000000; font-family: georgia,palatino,serif;\">\ud83d\udd52 Merci de veiller \u00e0 respecter les horaires en vigueur.<\/span><\/p>\n","protected":false},"excerpt":{"rendered":"<p>Organisation de l\u2019\u00e9cole Ouverture de l\u2019\u00e9cole : de 07h30 \u00e0 18h00 \u2013 Garderie de 7h30 \u00e0 8h00 D\u00e9but des cours : 08h30, il sonne \u00e0 8h25 Fin des cours \u00e0 12h15 le mercredi \u2013 Ouverture des grilles pour la sortie des \u00e9l\u00e8ves : 12h20 Fin des cours \u00e0 15h25 le lundi, mardi et jeudi &#8211; &hellip; <\/p>\n<p class=\"link-more\"><a href=\"https:\/\/presverts.ovh\/?page_id=1342\" class=\"more-link\">Continuer la lecture<span class=\"screen-reader-text\"> de &laquo;&nbsp;Horaire&nbsp;&raquo;<\/span><\/a><\/p>\n","protected":false},"author":3,"featured_media":0,"parent":0,"menu_order":0,"comment_status":"closed","ping_status":"closed","template":"","meta":[],"_links":{"self":[{"href":"https:\/\/presverts.ovh\/index.php?rest_route=\/wp\/v2\/pages\/1342"}],"collection":[{"href":"https:\/\/presverts.ovh\/index.php?rest_route=\/wp\/v2\/pages"}],"about":[{"href":"https:\/\/presverts.ovh\/index.php?rest_route=\/wp\/v2\/types\/page"}],"author":[{"embeddable":true,"href":"https:\/\/presverts.ovh\/index.php?rest_route=\/wp\/v2\/users\/3"}],"replies":[{"embeddable":true,"href":"https:\/\/presverts.ovh\/index.php?rest_route=%2Fwp%2Fv2%2Fcomments&post=1342"}],"version-history":[{"count":4,"href":"https:\/\/presverts.ovh\/index.php?rest_route=\/wp\/v2\/pages\/1342\/revisions"}],"predecessor-version":[{"id":1513,"href":"https:\/\/presverts.ovh\/index.php?rest_route=\/wp\/v2\/pages\/1342\/revisions\/1513"}],"wp:attachment":[{"href":"https:\/\/presverts.ovh\/index.php?rest_route=%2Fwp%2Fv2%2Fmedia&parent=1342"}],"curies":[{"name":"wp","href":"https:\/\/api.w.org\/{rel}","templated":true}]}}