{"id":1512,"date":"2020-01-25T11:32:27","date_gmt":"2020-01-25T10:32:27","guid":{"rendered":"https:\/\/presverts.ovh\/?page_id=1512"},"modified":"2020-01-26T19:59:08","modified_gmt":"2020-01-26T18:59:08","slug":"1512-2","status":"publish","type":"page","link":"https:\/\/presverts.ovh\/?page_id=1512","title":{"rendered":""},"content":{"rendered":"<table style=\"width: 100%; height: 25px;\" border=\"1\" width=\"100%\" cellspacing=\"1\" cellpadding=\"1\">\n<tbody>\n<tr style=\"height: 25px;\">\n<td style=\"width: 100%; height: 25px;\">\n<div style=\"text-align: center;\" align=\"center\"><span style=\"color: #339966; font-family: georgia,palatino,serif; font-size: 14pt;\"><strong>La sortie des \u00e9l\u00e8ves \u00e0 l\u2019\u00e9cole des Pr\u00e9s Verts<\/strong><\/span><\/div>\n<\/td>\n<\/tr>\n<\/tbody>\n<\/table>\n<p><span style=\"font-family: georgia,palatino,serif;\">Voici la marche que nous vous invitons \u00e0 suivre :<\/span><\/p>\n<p><span style=\"font-family: georgia,palatino,serif;\"><strong>1.<\/strong> Les deux grilles de l\u2019\u00e9cole s\u2019ouvriront, comme indiqu\u00e9 dans le r\u00e8glement de l\u2019\u00e9cole au point \u00ab Organisation de l\u2019\u00e9cole \u00bb, \u00e0 15h30, le lundi, mardi et jeudi <\/span><span style=\"font-family: georgia,palatino,serif;\">\u00e0 12h20 le mercredi et 14h25 le vendredi. \u00a0 \u00a0 \u00a0 \u00a0 <\/span><span style=\"font-family: georgia,palatino,serif;\"><strong>2.<\/strong> Le rang du bus quittera en premier l\u2019\u00e9cole avec les enfants \u00ab inscrits \u00bb en d\u00e9but d\u2019ann\u00e9e comme prenant le bus. Ils auront \u00ab une carte bus \u00bb attach\u00e9e au cartable.<\/span><br \/>\n<span style=\"font-family: georgia,palatino,serif;\"><strong>3.<\/strong> Les parents viendront r\u00e9cup\u00e9rer leur(s) enfant(s) dans le rang de la classe et quitteront la cour rapidement en tenant leur(s)enfants par la main. En effet, ce n\u2019est pas parce qu\u2019il y a un passage pour pi\u00e9tons que les automobilistes ont le r\u00e9flexe de s\u2019arr\u00eater. Les deux enseignantes qui sont post\u00e9es \u00e0 la grille v\u00e9rifieront que chaque enfant est bien accompagn\u00e9 des personnes d\u00e9sign\u00e9es pour venir les r\u00e9cup\u00e9rer.<\/span><br \/>\n<span style=\"font-family: georgia,palatino,serif;\">Tous les enfants auront une ou deux cartes de sortie attach\u00e9es \u00e0 leur cartable en lien avec les informations qui nous auront \u00e9t\u00e9 transmises par \u00e9crit au d\u00e9but de l\u2019ann\u00e9e.<\/span><br \/>\n<span style=\"font-family: georgia,palatino,serif;\">Soit une carte \u00ab parents \u00bb, une carte \u00ab bus \u00bb ou\/et une carte \u00ab \u00e9tude \u00bb. Ce qui implique que dor\u00e9navant si pour une raison ou une autre il devait y avoir un changement, il serait indispensable de pr\u00e9venir l\u2019\u00e9cole \u00e0 temps par \u00e9crit ou par t\u00e9l\u00e9phone. La sortie doit toujours se faire de mani\u00e8re efficace et rapide tout en restant conviviale.<\/span><br \/>\n<span style=\"font-family: georgia,palatino,serif;\">Idem pour la classe d\u2019accueil et celle de 1\u00e8re maternelle, les parents sont invit\u00e9s \u00e0 aller r\u00e9cup\u00e9rer leur(s) enfant(s) d\u00e8s l\u2019ouverture de la grille pour ensuite quitter l\u2019\u00e9cole, en tenant leur(s)enfants par la main, permettant ainsi \u00e0 la garderie pour les plus petits de d\u00e9marrer en toute s\u00e9r\u00e9nit\u00e9.<\/span><\/p>\n","protected":false},"excerpt":{"rendered":"<p>La sortie des \u00e9l\u00e8ves \u00e0 l\u2019\u00e9cole des Pr\u00e9s Verts Voici la marche que nous vous invitons \u00e0 suivre : 1. Les deux grilles de l\u2019\u00e9cole s\u2019ouvriront, comme indiqu\u00e9 dans le r\u00e8glement de l\u2019\u00e9cole au point \u00ab Organisation de l\u2019\u00e9cole \u00bb, \u00e0 15h30, le lundi, mardi et jeudi \u00e0 12h20 le mercredi et 14h25 le vendredi. &hellip; <\/p>\n<p class=\"link-more\"><a href=\"https:\/\/presverts.ovh\/?page_id=1512\" class=\"more-link\">Continuer la lecture<span class=\"screen-reader-text\"> de &laquo;&nbsp;&nbsp;&raquo;<\/span><\/a><\/p>\n","protected":false},"author":3,"featured_media":0,"parent":0,"menu_order":0,"comment_status":"closed","ping_status":"closed","template":"","meta":[],"_links":{"self":[{"href":"https:\/\/presverts.ovh\/index.php?rest_route=\/wp\/v2\/pages\/1512"}],"collection":[{"href":"https:\/\/presverts.ovh\/index.php?rest_route=\/wp\/v2\/pages"}],"about":[{"href":"https:\/\/presverts.ovh\/index.php?rest_route=\/wp\/v2\/types\/page"}],"author":[{"embeddable":true,"href":"https:\/\/presverts.ovh\/index.php?rest_route=\/wp\/v2\/users\/3"}],"replies":[{"embeddable":true,"href":"https:\/\/presverts.ovh\/index.php?rest_route=%2Fwp%2Fv2%2Fcomments&post=1512"}],"version-history":[{"count":7,"href":"https:\/\/presverts.ovh\/index.php?rest_route=\/wp\/v2\/pages\/1512\/revisions"}],"predecessor-version":[{"id":2220,"href":"https:\/\/presverts.ovh\/index.php?rest_route=\/wp\/v2\/pages\/1512\/revisions\/2220"}],"wp:attachment":[{"href":"https:\/\/presverts.ovh\/index.php?rest_route=%2Fwp%2Fv2%2Fmedia&parent=1512"}],"curies":[{"name":"wp","href":"https:\/\/api.w.org\/{rel}","templated":true}]}}